{"id":712,"date":"2015-04-21T18:05:54","date_gmt":"2015-04-21T16:05:54","guid":{"rendered":"http:\/\/fls-limousines.de\/unser-fuhrpark\/?lang=en"},"modified":"2025-07-02T12:46:20","modified_gmt":"2025-07-02T10:46:20","slug":"unser-fuhrpark","status":"publish","type":"page","link":"https:\/\/fls-limousines.de\/en\/unser-fuhrpark\/","title":{"rendered":"Unser Fuhrpark"},"content":{"rendered":"<div class=\"wpb-content-wrapper\"><p>[vc_row gap=&#8221;10&#8243; equal_height=&#8221;yes&#8221; content_placement=&#8221;top&#8221;][vc_column width=&#8221;1\/2&#8243;][vc_row_inner][vc_column_inner css=&#8221;.vc_custom_1570355478275{background-color: #5e5e5e !important;}&#8221;][vc_custom_heading text=&#8221;Mercedes-Benz S-Klasse Lang&#8221; font_container=&#8221;tag:h3|text_align:center|color:%23f2f2f2&#8243; use_theme_fonts=&#8221;yes&#8221;][vc_column_text]<span style=\"color: #ffffff;\">Unsere S-Klasse Limousinen bieten Ihnen ein Ambiente auf h\u00f6chstem Niveau. Genie\u00dfen Sie das luxuri\u00f6se und komfortable Interieur und lassen Sie die Welt an sich vorbeigleiten.<\/span>[\/vc_column_text][vc_single_image image=&#8221;919&#8243; img_size=&#8221;large&#8221; alignment=&#8221;center&#8221; style=&#8221;vc_box_border&#8221; css=&#8221;&#8221;][vc_single_image image=&#8221;921&#8243; img_size=&#8221;large&#8221; alignment=&#8221;center&#8221; style=&#8221;vc_box_border&#8221; css=&#8221;&#8221;][vc_column_text]<\/p>\n<p style=\"text-align: center;\"><span style=\"color: #ffffff;\">F\u00fcr max. 3 Personen<\/span><\/p>\n<p>[\/vc_column_text][\/vc_column_inner][\/vc_row_inner][\/vc_column][vc_column width=&#8221;1\/2&#8243; css=&#8221;.vc_custom_1570355441632{background-color: #ffffff !important;}&#8221;][vc_row_inner content_placement=&#8221;top&#8221;][vc_column_inner css=&#8221;.vc_custom_1570355025624{background-color: #e0e0e0 !important;}&#8221;][vc_custom_heading text=&#8221;V-Klasse&#8221; font_container=&#8221;tag:h4|text_align:center&#8221; use_theme_fonts=&#8221;yes&#8221;][vc_column_text]<span style=\"color: #000000;\">Die Mercedes V-Klasse ist und bleibt das ultimative Fahrzeug f\u00fcr den bequemen Transfer von Gruppen. Die Innenausstattung des Fahrzeugs bietet ein hohes Ma\u00df an Komfort f\u00fcr alle Reisenden und auch das Gep\u00e4ck findet in diesem Van immer Platz. Egal ob Sie l\u00e4ngere Strecken oder einen kurzen Schuttle zur\u00fccklegen, Sie kommen auf jeden Fall entspannt am Ziel an.<\/span>[\/vc_column_text][vc_single_image image=&#8221;917&#8243; img_size=&#8221;large&#8221; alignment=&#8221;center&#8221; style=&#8221;vc_box_outline&#8221; border_color=&#8221;black&#8221; css=&#8221;&#8221;][vc_column_text]<\/p>\n<p style=\"text-align: center;\">F\u00fcr max. 7 Personen<\/p>\n<p>[\/vc_column_text][\/vc_column_inner][\/vc_row_inner][\/vc_column][\/vc_row][vc_row][vc_column][vc_empty_space height=&#8221;35px&#8221;][vc_custom_heading text=&#8221;Auf Anfrage Verf\u00fcgbar&#8221; use_theme_fonts=&#8221;yes&#8221;][\/vc_column][\/vc_row][vc_row][vc_column][vc_column_text]<em><span style=\"color: #808080;\">** Bitte beachten Sie, dass striktes Rauchverbot in unseren Fahrzeugen herrscht. Unsere Autos sind alle in einem hervorragenden und mit Liebe gewarteten Zustand.<\/span><br \/>\n<\/em>[\/vc_column_text][\/vc_column][\/vc_row]<\/p>\n<\/div>","protected":false},"excerpt":{"rendered":"<p>[vc_row gap=&#8221;10&#8243; equal_height=&#8221;yes&#8221; content_placement=&#8221;top&#8221;][vc_column width=&#8221;1\/2&#8243;][vc_row_inner][vc_column_inner css=&#8221;.vc_custom_1570355478275{background-color: #5e5e5e !important;}&#8221;][vc_custom_heading text=&#8221;Mercedes-Benz S-Klasse Lang&#8221; font_container=&#8221;tag:h3|text_align:center|color:%23f2f2f2&#8243; use_theme_fonts=&#8221;yes&#8221;][vc_column_text]Unsere S-Klasse Limousinen bieten Ihnen ein Ambiente auf h\u00f6chstem Niveau. Genie\u00dfen Sie das luxuri\u00f6se und komfortable Interieur und lassen Sie die Welt an sich vorbeigleiten.[\/vc_column_text][vc_single_image image=&#8221;919&#8243; img_size=&#8221;large&#8221; alignment=&#8221;center&#8221; style=&#8221;vc_box_border&#8221; css=&#8221;&#8221;][vc_single_image image=&#8221;921&#8243; img_size=&#8221;large&#8221; alignment=&#8221;center&#8221; style=&#8221;vc_box_border&#8221; css=&#8221;&#8221;][vc_column_text] F\u00fcr max. 3 &hellip;<\/p>\n","protected":false},"author":1,"featured_media":0,"parent":0,"menu_order":1,"comment_status":"closed","ping_status":"closed","template":"","meta":{"footnotes":""},"class_list":["post-712","page","type-page","status-publish","hentry"],"_links":{"self":[{"href":"https:\/\/fls-limousines.de\/en\/wp-json\/wp\/v2\/pages\/712","targetHints":{"allow":["GET"]}}],"collection":[{"href":"https:\/\/fls-limousines.de\/en\/wp-json\/wp\/v2\/pages"}],"about":[{"href":"https:\/\/fls-limousines.de\/en\/wp-json\/wp\/v2\/types\/page"}],"author":[{"embeddable":true,"href":"https:\/\/fls-limousines.de\/en\/wp-json\/wp\/v2\/users\/1"}],"replies":[{"embeddable":true,"href":"https:\/\/fls-limousines.de\/en\/wp-json\/wp\/v2\/comments?post=712"}],"version-history":[{"count":7,"href":"https:\/\/fls-limousines.de\/en\/wp-json\/wp\/v2\/pages\/712\/revisions"}],"predecessor-version":[{"id":927,"href":"https:\/\/fls-limousines.de\/en\/wp-json\/wp\/v2\/pages\/712\/revisions\/927"}],"wp:attachment":[{"href":"https:\/\/fls-limousines.de\/en\/wp-json\/wp\/v2\/media?parent=712"}],"curies":[{"name":"wp","href":"https:\/\/api.w.org\/{rel}","templated":true}]}}

<div class="wpb-content-wrapper"><p>[vc_row gap=&#8221;10&#8243; equal_height=&#8221;yes&#8221; content_placement=&#8221;top&#8221;][vc_column width=&#8221;1/2&#8243;][vc_row_inner][vc_column_inner css=&#8221;.vc_custom_1570355478275{background-color: #5e5e5e !important;}&#8221;][vc_custom_heading text=&#8221;Mercedes-Benz S-Klasse Lang&#8221; font_container=&#8221;tag:h3|text_align:center|color:%23f2f2f2&#8243; use_theme_fonts=&#8221;yes&#8221;][vc_column_text]<span style="color: #ffffff;">Unsere S-Klasse Limousinen bieten Ihnen ein Ambiente auf höchstem Niveau. Genießen Sie das luxuriöse und komfortable Interieur und lassen Sie die Welt an sich vorbeigleiten.</span>[/vc_column_text][vc_single_image image=&#8221;919&#8243; img_size=&#8221;large&#8221; alignment=&#8221;center&#8221; style=&#8221;vc_box_border&#8221; css=&#8221;&#8221;][vc_single_image image=&#8221;921&#8243; img_size=&#8221;large&#8221; alignment=&#8221;center&#8221; style=&#8221;vc_box_border&#8221; css=&#8221;&#8221;][vc_column_text]</p>
<p style="text-align: center;"><span style="color: #ffffff;">Für max. 3 Personen</span></p>
<p>[/vc_column_text][/vc_column_inner][/vc_row_inner][/vc_column][vc_column width=&#8221;1/2&#8243; css=&#8221;.vc_custom_1570355441632{background-color: #ffffff !important;}&#8221;][vc_row_inner content_placement=&#8221;top&#8221;][vc_column_inner css=&#8221;.vc_custom_1570355025624{background-color: #e0e0e0 !important;}&#8221;][vc_custom_heading text=&#8221;V-Klasse&#8221; font_container=&#8221;tag:h4|text_align:center&#8221; use_theme_fonts=&#8221;yes&#8221;][vc_column_text]<span style="color: #000000;">Die Mercedes V-Klasse ist und bleibt das ultimative Fahrzeug für den bequemen Transfer von Gruppen. Die Innenausstattung des Fahrzeugs bietet ein hohes Maß an Komfort für alle Reisenden und auch das Gepäck findet in diesem Van immer Platz. Egal ob Sie längere Strecken oder einen kurzen Schuttle zurücklegen, Sie kommen auf jeden Fall entspannt am Ziel an.</span>[/vc_column_text][vc_single_image image=&#8221;917&#8243; img_size=&#8221;large&#8221; alignment=&#8221;center&#8221; style=&#8221;vc_box_outline&#8221; border_color=&#8221;black&#8221; css=&#8221;&#8221;][vc_column_text]</p>
<p style="text-align: center;">Für max. 7 Personen</p>
<p>[/vc_column_text][/vc_column_inner][/vc_row_inner][/vc_column][/vc_row][vc_row][vc_column][vc_empty_space height=&#8221;35px&#8221;][vc_custom_heading text=&#8221;Auf Anfrage Verfügbar&#8221; use_theme_fonts=&#8221;yes&#8221;][/vc_column][/vc_row][vc_row][vc_column][vc_column_text]<em><span style="color: #808080;">** Bitte beachten Sie, dass striktes Rauchverbot in unseren Fahrzeugen herrscht. Unsere Autos sind alle in einem hervorragenden und mit Liebe gewarteten Zustand.</span><br />
</em>[/vc_column_text][/vc_column][/vc_row]</p>
</div>

<p>[vc_row gap=&#8221;10&#8243; equal_height=&#8221;yes&#8221; content_placement=&#8221;top&#8221;][vc_column width=&#8221;1/2&#8243;][vc_row_inner][vc_column_inner css=&#8221;.vc_custom_1570355478275{background-color: #5e5e5e !important;}&#8221;][vc_custom_heading text=&#8221;Mercedes-Benz S-Klasse Lang&#8221; font_container=&#8221;tag:h3|text_align:center|color:%23f2f2f2&#8243; use_theme_fonts=&#8221;yes&#8221;][vc_column_text]Unsere S-Klasse Limousinen bieten Ihnen ein Ambiente auf höchstem Niveau. Genießen Sie das luxuriöse und komfortable Interieur und lassen Sie die Welt an sich vorbeigleiten.[/vc_column_text][vc_single_image image=&#8221;919&#8243; img_size=&#8221;large&#8221; alignment=&#8221;center&#8221; style=&#8221;vc_box_border&#8221; css=&#8221;&#8221;][vc_single_image image=&#8221;921&#8243; img_size=&#8221;large&#8221; alignment=&#8221;center&#8221; style=&#8221;vc_box_border&#8221; css=&#8221;&#8221;][vc_column_text] Für max. 3 &hellip;</p>
